{"id":3695,"date":"2018-05-10T17:46:10","date_gmt":"2018-05-10T15:46:10","guid":{"rendered":"https:\/\/mensajedepublicidad.com\/realidadaumentada\/?page_id=3695"},"modified":"2018-05-10T17:46:10","modified_gmt":"2018-05-10T15:46:10","slug":"aviso-legal","status":"publish","type":"page","link":"https:\/\/mensajedepublicidad.com\/realidadaumentada\/aviso-legal\/","title":{"rendered":"Aviso Legal"},"content":{"rendered":"<h2>Condiciones de acceso y utilizaci\u00f3n de la WEB<\/h2>\n<p>En este apartado se incluye informaci\u00f3n sobre las condiciones de acceso y utilizaci\u00f3n de este sitio Web que deben ser conocidas por el usuario. Informaci\u00f3n necesaria\u00a0 a los efectos previstos en la Ley 34\/2002 de Servicios de la Sociedad de la Informaci\u00f3n y de Comercio Electr\u00f3nico.<\/p>\n<ul>\n<li>Titular: MENSAJE, S.A..<\/li>\n<li>C.I.F.: A28623262<\/li>\n<li>Domicilio social: HERMOSILLA N.\u00ba 119, 28009 MADRID<\/li>\n<li>\u00a0E-mail : info@mensajedepublicidad.com<\/li>\n<li>Tel\u00e9fono : 914022726<\/li>\n<li>N\u00famero de inscripci\u00f3n en el Registro Mercantil: Madrid, Hoja n\u00ba44, 798, Folio 23, Tomo 5581, Libro 427<\/li>\n<\/ul>\n<h2>Aceptaci\u00f3n de las Condiciones Generales<\/h2>\n<p>Las Condiciones generales que a continuaci\u00f3n se rese\u00f1an, regulan la utilizaci\u00f3n de la Web de MENSAJE, S.A.<\/p>\n<p>La utilizaci\u00f3n de la Web de MENSAJE, S.A. atribuye la condici\u00f3n de usuario de la misma y conlleva la aceptaci\u00f3n plena y sin reservas de ning\u00fan tipo, por parte del usuario, de todas las Condiciones Generales que est\u00e9n publicadas al tiempo de acceder el usuario.<\/p>\n<p>Por ello se recomienda al usuario que lea atentamente el contenido de las Condiciones Generales cada vez que se disponga a utilizar la p\u00e1gina Web.<\/p>\n<h4>Titularidad y prestador del servicio<\/h4>\n<p>MENSAJE, S.A. en condici\u00f3n de titular de la presente p\u00e1gina web y prestador de servicios de la sociedad de la informaci\u00f3n, de conformidad con la legislaci\u00f3n vigente sobre Servicios de la Sociedad de la Informaci\u00f3n y de Comercio Electr\u00f3nico (Ley 34\/2002, de 11 de julio, de Servicios de la Sociedad de la Informaci\u00f3n y de Comercio Electr\u00f3nico), pone a disposici\u00f3n de los usuarios la siguiente informaci\u00f3n general:<\/p>\n<h4>\u00c1mbito de Aplicaci\u00f3n<\/h4>\n<p>La LSSI se aplica a los siguientes servicios ofrecidos v\u00eda \u00a0Internet cuando constituyan una actividad econ\u00f3mica o lucrativa para el prestador del servicio<\/p>\n<ul>\n<li>Comercio electr\u00f3nico.<\/li>\n<li>Contrataci\u00f3n en l\u00ednea.<\/li>\n<li>Informaci\u00f3n y publicidad.<\/li>\n<li>Servicios de intermediaci\u00f3n.<\/li>\n<\/ul>\n<p>Se considera que existe actividad econ\u00f3mica cuando el responsable de la p\u00e1gina web reciba ingresos directos (por las actividades de comercio electr\u00f3nico que lleve a cabo) o indirectos (ya sea por publicidad o patrocinio derivados de la actividad que realice por medios electr\u00f3nicos).<\/p>\n<p>En principio, la LSSI no se aplica a las actividades realizadas sin \u00e1nimo de lucro (como las de los partidos pol\u00edticos, sindicatos, asociaciones, ONGs, etc.) mientras no constituyan una actividad econ\u00f3mica.<\/p>\n<p>La Ley es de aplicaci\u00f3n directa a todas las actividades que se realicen por medios electr\u00f3nicos y tengan car\u00e1cter comercial o persigan un fin econ\u00f3mico.<\/p>\n<p>MENSAJE, S.A. es responsable del sitio web, y pone a disposici\u00f3n de los usuarios el presente documento con el que pretende dar cumplimiento a las obligaciones dispuestas en la Ley 34\/2002, de Servicios de la Sociedad de la Informaci\u00f3n y del Comercio Electr\u00f3nico (LSSI-CE), Ley 7\/1996, de 15 de enero, de ordenaci\u00f3n del comercio minorista, y Ley 3\/2014, de 27 de marzo, por la que se modifica el texto refundido de la Ley General para la Defensa de los Consumidores y Usuarios as\u00ed como informar a todos sus clientes, respecto a cu\u00e1les son las condiciones de uso del sitio web.<\/p>\n<h4>Legislaci\u00f3n aplicable<\/h4>\n<p>Estas condiciones generales de uso y contrataci\u00f3n se rigen por la ley espa\u00f1ola. De conformidad con el art\u00edculo 29 de la Ley 34\/2002, de 11 de julio, de Servicios de la Sociedad de la Informaci\u00f3n y Comercio Electr\u00f3nico, los contratos electr\u00f3nicos entre empresarios o profesionales, en defecto de pacto entre las partes, se presumir\u00e1n celebrados en el lugar en que est\u00e9 establecido el prestador de servicios.<\/p>\n<p>En caso de controversia que se derive de las presentes condiciones generales y para la resoluci\u00f3n de los conflictos, las partes se someten, a su libre elecci\u00f3n, y con renuncia a cualquier otro fuero que les pudiera corresponder, a los juzgados y tribunales del domicilio de MENSAJE, S.A. previsto en el presente Aviso Legal, esto es, en la ciudad de Madrid.<\/p>\n<h4>Denegaci\u00f3n y retirada del acceso a la Web y\/o a los servicios<\/h4>\n<p>MENSAJE, S.A. se reserva el derecho a denegar o a retirar el acceso a su p\u00e1gina Web, en cualquier momento y sin necesidad de preaviso, a aquellos usuarios que incumplan estas Condiciones Generales o las particulares que resulten de aplicaci\u00f3n.<\/p>\n<h2>Informaci\u00f3n legal a la recogida de datos<\/h2>\n<p>En cumplimiento de la Ley 15\/1999, de 13 de diciembre, de Protecci\u00f3n de Datos de Car\u00e1cter Personal (LOPD), del Real Decreto 1720\/2007, de 21 de diciembre, por el que se aprueba el Reglamento de desarrollo de la Ley Org\u00e1nica 15\/1999, de 13 de diciembre, de protecci\u00f3n de datos de car\u00e1cter personal (RLPOD) y con vistas al cumplimiento del Reglamento (UE) 2016\/679 de 27 de abril de 2016 relativo a la protecci\u00f3n de las personas f\u00edsicas en lo que respecta al tratamiento de datos personales (conocido como RGPD) de aplicaci\u00f3n obligatoria por los pa\u00edses miembros a partir del 25 de mayo de 2018, se informa de que los datos personales que se solicitan en nuestros formularios o, que nos puedan ser facilitados por medio de nuestras direcciones de correo electr\u00f3nico, se incluir\u00e1n en nuestros ficheros de datos personales, cuya responsable y titular es MENSAJE, S.A.<\/p>\n<p>El usuario al registrarse en https:\/\/mensajedepublicidad.com y al utilizar nuestro sitio web, o cualquier otra informaci\u00f3n proporcionada como parte de los servicios de MENSAJE, S.A. acepta y se suscribe de manera vinculante a las condiciones de uso de MENSAJE, S.A. la cual se incorpora por referencia a las presentes Condiciones de uso.<\/p>\n<p>Asimismo, el usuario al rellenar cualquier formulario con los datos personales que se solicitan y acepta el env\u00edo, con el uso de los distintos productos o servicios que se ofrecen en esta p\u00e1gina web, o al mandar un mensaje electr\u00f3nico con datos personales, autoriza y da su consentimiento de forma expresa a MENSAJE, S.A., a tratar e incorporar a\u00a0 esos datos en nuestros ficheros, los cuales est\u00e1n debidamente registrados en la Agencia Espa\u00f1ola de Protecci\u00f3n de Datos. (www.agpd.es) del que es responsable la citada empresa, con la finalidad de\u00a0 facilitar una mayor informaci\u00f3n de la empresa, informar sobre productos, informar sobre servicios ofrecidos.<\/p>\n<p>El usuario garantiza la autenticidad y veracidad de todos aquellos datos que comunique tanto en la cumplimentaci\u00f3n de los formularios de petici\u00f3n de informaci\u00f3n\u00a0 y solicitud de presupuestos, realizaci\u00f3n de compras y reservas, etc.,\u00a0 como en\u00a0 cualquier otro momento posterior, siendo de su responsabilidad el actualizar la informaci\u00f3n suministrada, de tal forma que refleje su situaci\u00f3n real. El usuario ser\u00e1 responsable de la inexactitud o falta de veracidad de la informaci\u00f3n aportada.<\/p>\n<p>MENSAJE, S.A. ha adoptado las medidas t\u00e9cnicas y organizativas necesarias, para proteger los Datos de Car\u00e1cter Personal que recoge y son objeto de tratamiento automatizado, de acuerdo con la normativa vigente en materia de protecci\u00f3n de datos personales.<\/p>\n<p>MENSAJE, S.A. se compromete, en todo caso, al tratamiento de los datos personales de acuerdo con la Ley y normativa vigente en materia de protecci\u00f3n de datos, as\u00ed como a establecer los pertinentes compromisos de confidencialidad con terceros a los que ceda o permita el acceso a estos datos personales.<\/p>\n<p>MENSAJE, S.A. se reserva el derecho a modificar cualquier tipo de informaci\u00f3n que aparezca en la p\u00e1gina web, sin que exista obligaci\u00f3n de preaviso comunicarlo a los usuarios, entendi\u00e9ndose como suficiente con la publicaci\u00f3n en la p\u00e1gina web del prestador.<\/p>\n","protected":false},"excerpt":{"rendered":"<p>Condiciones de acceso y utilizaci\u00f3n de la WEB En este apartado se incluye informaci\u00f3n sobre las condiciones de acceso y utilizaci\u00f3n de este sitio Web que deben ser conocidas por el usuario. Informaci\u00f3n necesaria\u00a0 a los efectos previstos en la Ley 34\/2002 de Servicios de la Sociedad de la Informaci\u00f3n y de Comercio Electr\u00f3nico. Titular: [&hellip;]<\/p>\n","protected":false},"author":1,"featured_media":0,"parent":0,"menu_order":0,"comment_status":"closed","ping_status":"closed","template":"","meta":{"_et_pb_use_builder":"","_et_pb_old_content":"","_et_gb_content_width":"","footnotes":""},"class_list":["post-3695","page","type-page","status-publish","hentry"],"yoast_head":"<!-- This site is optimized with the Yoast SEO plugin v27.3 - https:\/\/yoast.com\/product\/yoast-seo-wordpress\/ -->\n<title>Aviso Legal - Mensaje RA<\/title>\n<meta name=\"robots\" content=\"noindex, nofollow\" \/>\n<meta property=\"og:locale\" content=\"es_ES\" \/>\n<meta property=\"og:type\" content=\"article\" \/>\n<meta property=\"og:title\" content=\"Aviso Legal - Mensaje RA\" \/>\n<meta property=\"og:description\" content=\"Condiciones de acceso y utilizaci\u00f3n de la WEB En este apartado se incluye informaci\u00f3n sobre las condiciones de acceso y utilizaci\u00f3n de este sitio Web que deben ser conocidas por el usuario. Informaci\u00f3n necesaria\u00a0 a los efectos previstos en la Ley 34\/2002 de Servicios de la Sociedad de la Informaci\u00f3n y de Comercio Electr\u00f3nico. Titular: [&hellip;]\" \/>\n<meta property=\"og:url\" content=\"https:\/\/mensajedepublicidad.com\/realidadaumentada\/aviso-legal\/\" \/>\n<meta property=\"og:site_name\" content=\"Mensaje RA\" \/>\n<meta name=\"twitter:card\" content=\"summary_large_image\" \/>\n<meta name=\"twitter:label1\" content=\"Tiempo de lectura\" \/>\n\t<meta name=\"twitter:data1\" content=\"6 minutos\" \/>\n<script type=\"application\/ld+json\" class=\"yoast-schema-graph\">{\"@context\":\"https:\\\/\\\/schema.org\",\"@graph\":[{\"@type\":\"WebPage\",\"@id\":\"https:\\\/\\\/mensajedepublicidad.com\\\/realidadaumentada\\\/aviso-legal\\\/\",\"url\":\"https:\\\/\\\/mensajedepublicidad.com\\\/realidadaumentada\\\/aviso-legal\\\/\",\"name\":\"Aviso Legal - Mensaje RA\",\"isPartOf\":{\"@id\":\"https:\\\/\\\/mensajedepublicidad.com\\\/realidadaumentada\\\/#website\"},\"datePublished\":\"2018-05-10T15:46:10+00:00\",\"breadcrumb\":{\"@id\":\"https:\\\/\\\/mensajedepublicidad.com\\\/realidadaumentada\\\/aviso-legal\\\/#breadcrumb\"},\"inLanguage\":\"es\",\"potentialAction\":[{\"@type\":\"ReadAction\",\"target\":[\"https:\\\/\\\/mensajedepublicidad.com\\\/realidadaumentada\\\/aviso-legal\\\/\"]}]},{\"@type\":\"BreadcrumbList\",\"@id\":\"https:\\\/\\\/mensajedepublicidad.com\\\/realidadaumentada\\\/aviso-legal\\\/#breadcrumb\",\"itemListElement\":[{\"@type\":\"ListItem\",\"position\":1,\"name\":\"Portada\",\"item\":\"https:\\\/\\\/mensajedepublicidad.com\\\/realidadaumentada\\\/\"},{\"@type\":\"ListItem\",\"position\":2,\"name\":\"Aviso Legal\"}]},{\"@type\":\"WebSite\",\"@id\":\"https:\\\/\\\/mensajedepublicidad.com\\\/realidadaumentada\\\/#website\",\"url\":\"https:\\\/\\\/mensajedepublicidad.com\\\/realidadaumentada\\\/\",\"name\":\"Mensaje RA\",\"description\":\"Accede a la Realidad Aumentada con Mensaje\",\"potentialAction\":[{\"@type\":\"SearchAction\",\"target\":{\"@type\":\"EntryPoint\",\"urlTemplate\":\"https:\\\/\\\/mensajedepublicidad.com\\\/realidadaumentada\\\/?s={search_term_string}\"},\"query-input\":{\"@type\":\"PropertyValueSpecification\",\"valueRequired\":true,\"valueName\":\"search_term_string\"}}],\"inLanguage\":\"es\"}]}<\/script>\n<!-- \/ Yoast SEO plugin. -->","yoast_head_json":{"title":"Aviso Legal - Mensaje RA","robots":{"index":"noindex","follow":"nofollow"},"og_locale":"es_ES","og_type":"article","og_title":"Aviso Legal - Mensaje RA","og_description":"Condiciones de acceso y utilizaci\u00f3n de la WEB En este apartado se incluye informaci\u00f3n sobre las condiciones de acceso y utilizaci\u00f3n de este sitio Web que deben ser conocidas por el usuario. Informaci\u00f3n necesaria\u00a0 a los efectos previstos en la Ley 34\/2002 de Servicios de la Sociedad de la Informaci\u00f3n y de Comercio Electr\u00f3nico. Titular: [&hellip;]","og_url":"https:\/\/mensajedepublicidad.com\/realidadaumentada\/aviso-legal\/","og_site_name":"Mensaje RA","twitter_card":"summary_large_image","twitter_misc":{"Tiempo de lectura":"6 minutos"},"schema":{"@context":"https:\/\/schema.org","@graph":[{"@type":"WebPage","@id":"https:\/\/mensajedepublicidad.com\/realidadaumentada\/aviso-legal\/","url":"https:\/\/mensajedepublicidad.com\/realidadaumentada\/aviso-legal\/","name":"Aviso Legal - Mensaje RA","isPartOf":{"@id":"https:\/\/mensajedepublicidad.com\/realidadaumentada\/#website"},"datePublished":"2018-05-10T15:46:10+00:00","breadcrumb":{"@id":"https:\/\/mensajedepublicidad.com\/realidadaumentada\/aviso-legal\/#breadcrumb"},"inLanguage":"es","potentialAction":[{"@type":"ReadAction","target":["https:\/\/mensajedepublicidad.com\/realidadaumentada\/aviso-legal\/"]}]},{"@type":"BreadcrumbList","@id":"https:\/\/mensajedepublicidad.com\/realidadaumentada\/aviso-legal\/#breadcrumb","itemListElement":[{"@type":"ListItem","position":1,"name":"Portada","item":"https:\/\/mensajedepublicidad.com\/realidadaumentada\/"},{"@type":"ListItem","position":2,"name":"Aviso Legal"}]},{"@type":"WebSite","@id":"https:\/\/mensajedepublicidad.com\/realidadaumentada\/#website","url":"https:\/\/mensajedepublicidad.com\/realidadaumentada\/","name":"Mensaje RA","description":"Accede a la Realidad Aumentada con Mensaje","potentialAction":[{"@type":"SearchAction","target":{"@type":"EntryPoint","urlTemplate":"https:\/\/mensajedepublicidad.com\/realidadaumentada\/?s={search_term_string}"},"query-input":{"@type":"PropertyValueSpecification","valueRequired":true,"valueName":"search_term_string"}}],"inLanguage":"es"}]}},"_links":{"self":[{"href":"https:\/\/mensajedepublicidad.com\/realidadaumentada\/wp-json\/wp\/v2\/pages\/3695","targetHints":{"allow":["GET"]}}],"collection":[{"href":"https:\/\/mensajedepublicidad.com\/realidadaumentada\/wp-json\/wp\/v2\/pages"}],"about":[{"href":"https:\/\/mensajedepublicidad.com\/realidadaumentada\/wp-json\/wp\/v2\/types\/page"}],"author":[{"embeddable":true,"href":"https:\/\/mensajedepublicidad.com\/realidadaumentada\/wp-json\/wp\/v2\/users\/1"}],"replies":[{"embeddable":true,"href":"https:\/\/mensajedepublicidad.com\/realidadaumentada\/wp-json\/wp\/v2\/comments?post=3695"}],"version-history":[{"count":0,"href":"https:\/\/mensajedepublicidad.com\/realidadaumentada\/wp-json\/wp\/v2\/pages\/3695\/revisions"}],"wp:attachment":[{"href":"https:\/\/mensajedepublicidad.com\/realidadaumentada\/wp-json\/wp\/v2\/media?parent=3695"}],"curies":[{"name":"wp","href":"https:\/\/api.w.org\/{rel}","templated":true}]}}